*3 + 151*o**2/2 - 59*o - 149. What is the hundreds digit of k(-57)?
0
Suppose -251527 + 53294 - 562255 = -24*f. What is the units digit of f?
7
Let s(n) be the third derivative of n**5/12 + n**4/12 + 11*n**3/2 - 4*n**2 + 21*n. What is the tens digit of s(9)?
5
Let i(g) = g**2 + 8*g + 12. Let h be i(-6). Suppose h = o - 4*k + 112 - 0, 0 = 4*o - 2*k + 420. Let d = o - -264. What is the tens digit of d?
6
What is the tens digit of 10/7 + -1 + 6839591/4501?
2
Suppose 5*h - 3*k = 10, -k = 4*k. Let u be (-3)/(1 + -2) - -1. Suppose 0 = u*j - 7*b + 4*b - 24, h*j = -4*b + 12. What is the units digit of j?
6
Let u(f) = 114*f**2 + 276*f - 11. What is the units digit of u(10)?
9
Suppose 3*l = 217 + 89. Suppose 3*w - 5*g - l - 158 = 0, -g = 3*w - 272. Suppose -c + 120 = 2*m, -2 - w = -c + 5*m. What is the tens digit of c?
1
Let x(o) = 479*o**2 + 930*o + 11014. What is the hundreds digit of x(-12)?
8
Let g(s) = 3*s**2 - 142*s - 541. What is the tens digit of g(51)?
2
Let d be 4 + (-18)/(-4) + (-1)/2. Suppose -2*k = -d*k + 714. Suppose -k = -4*q + 5*m, 5*q - 104 = m + 50. What is the tens digit of q?
3
Let t(l) = -l**3 + 51*l**2 + 26*l - 52. Let p be t(40). What is the hundreds digit of (10/7 - 1) + p/42?
4
Let f(g) = -2*g - 8. Let h be f(-7). Let n(z) = 5*z**2 + 4*z**3 - 5*z**3 - 7*z + 5*z**2 - 6. What is the tens digit of n(h)?
9
Let u = 108 + -101. Suppose u*i = 2*i + 20. What is the tens digit of (-2364)/18*(-6)/i?
9
Let z(y) = 21*y**2 - 30*y - 21. What is the hundreds digit of z(-7)?
2
Let w = 7436 - -4236. What is the ten thousands digit of w?
1
Let o be (-20*30/20)/((-1)/4). Suppose -x + 121 = -o. What is the hundreds digit of x?
2
Let m(l) be the first derivative of -l**4/4 + 8*l**3/3 + 5*l**2/2 - 4*l + 5. Let j be m(6). Let u = 240 - j. What is the tens digit of u?
4
Let f be -4*((-228)/16 + 3). Suppose 5*c + 3*i - 168 = 0, 4*i + 35 = -4*c + 163. Let n = f - c. What is the units digit of n?
9
Let j = 3357 + -1274. What is the tens digit of j?
8
Suppose g - 13 + 9 = -4*m, -4*g + 2*m = -88. Suppose 0 = -7*s + 2*s + 475. Suppose -h - g = -s. What is the tens digit of h?
7
Let s be 1495*(-8)/20*1. Let r = s + 962. Suppose 4*i = -2*o + r, 7*i - 538 = -3*o + 5*i. What is the hundreds digit of o?
1
Let f(n) = -n**3 - 21*n**2 + 21*n - 16. Let g be f(-22). Suppose 5*u - g*u = 0. Suppose -570 = -u*x - 5*x. What is the units digit of x?
4
Let k = -1177 + 2841. What is the thousands digit of k?
1
Suppose -180308 = -4*i + 5*a, 2*a = -116 + 100. What is the hundreds digit of i?
0
Let p(k) = 254*k + 61. Let x = 259 - 256. What is the hundreds digit of p(x)?
8
Let i(x) = -121*x**3 - 7*x**2 - 2*x + 4. Let o(f) = -f**2. Let t(d) = -i(d) + 5*o(d). Let b be (23/(-4) + 6)*4. What is the units digit of t(b)?
1
Let i(h) = 131*h + 109. Let r(n) = -20*n + 105. Let k be r(5). What is the units digit of i(k)?
4
What is the ten thousands digit of (-42)/(7 - 0)*5024/(-2)?
1
Let f be 3292/3 + 4/6. Suppose a + b - 368 = -0*b, 0 = 3*a - 3*b - f. What is the hundreds digit of a?
3
Let o = -242 - -77. Let g be o + (-4)/8*4. Let c = g - -301. What is the hundreds digit of c?
1
Suppose 72347 = -9*b + 56728 + 176935. What is the units digit of b?
4
What is the tens digit of -6 + -383*(7 - (34 + -8))?
7
Let b = 8118 + -2695. What is the tens digit of b?
2
Let r = 190 + 494. Let d = r + -399. What is the tens digit of d?
8
Let j be 80/(-2 + 115/55). What is the units digit of j/(-22)*13*(-2)/8?
0
Let w(r) be the second derivative of 11*r**5/60 - 19*r**4/24 + r**3/3 - r. Let i(k) be the second derivative of w(k). What is the units digit of i(5)?
1
Suppose -i = 7*i + 71512. What is the units digit of 4/(-10) - i/35?
5
Suppose 3965056 = -44*h + 108*h. What is the units digit of h?
4
Let n = -22 - -30. Suppose 0 = 2*j - 8 - n. What is the tens digit of (-9 + 11)/(1*1/j)?
1
Let g(z) = z**3 - z**2 - 342*z + 159. What is the thousands digit of g(33)?
3
Let x(i) = i**3 + 7*i**2 + 6*i + 4. Let v be x(-6). What is the tens digit of (144/v)/(1*(2 - 1))?
3
Suppose 2*k = 5*a - 22 - 7, -10 = -4*a - 5*k. Suppose -542 = 10*z - 4542. Suppose 316 = 3*p - a*f, 5*p - z = p - 4*f. What is the units digit of p?
2
Let v be 1 + -3 - (-13 + 7). Suppose 3 = v*x - 9. Suppose -f - 5 = 0, 0*l + 2*l - x*f - 177 = 0. What is the tens digit of l?
8
Let s = -44 - -49. Suppose -s*y + 11*y = 0. Suppose y = 23*c - 21*c - 144. What is the tens digit of c?
7
Let b(s) = 6*s**2 - 58*s - 745. What is the thousands digit of b(-26)?
4
Let c = -841 + 521. What is the tens digit of ((-1317)/(-5))/((-48)/c)?
5
Let a(g) = -3*g**2 - 144*g - 84. Let s be a(-44). What is the tens digit of ((-250)/(-15))/(2668/s + -6)?
5
Let q = -1884 - -6921. What is the tens digit of q?
3
Let j = 159815 - 99964. What is the hundreds digit of j?
8
Suppose 3*c + c = 3*i - 87, -5*i = 2*c - 119. What is the tens digit of 2/(-10) + (5005/i - -6)?
0
Suppose 3*i = 3*v + 19560, -i - v + 6737 - 217 = 0. Suppose -i = 12*g - 32*g. What is the hundreds digit of g?
3
Let m(r) = -2150*r + 138. What is the thousands digit of m(-5)?
0
Let a(j) = 15390*j - 6311. What is the units digit of a(2)?
9
Let v(i) = i**2 - 1. Let x(s) = -s**2 - s + 41. Let o(w) = 3*v(w) + x(w). What is the units digit of o(0)?
8
Let a be 13/7 - 9/(-63). Suppose -20 = 7*n - a*n. What is the units digit of 1*51 + (-15)/20*n?
4
Let a(l) = -5 + 6*l + 2*l - 6*l - 4*l**2 + l**3. Suppose 4 + 56 = 10*g. What is the units digit of a(g)?
9
Let q be (22/5 - 4) + (-48)/(-5). Let o be 2*(-2)/q + (-4872)/70. What is the tens digit of 4 - (o - (-1 - -1))?
7
Let k = 35400 - -8700. What is the tens digit of k?
0
Suppose 874454 = -158*g + 207*g. What is the tens digit of g?
4
Let s(t) = -t**3 + 14*t + 4. Suppose 5*d + 0*d + 29 = 3*n, 0 = -n - 2. What is the units digit of s(d)?
9
Let g(h) = -521*h**3 - 7*h**2 + 14*h + 24. What is the units digit of g(-2)?
6
Let l = 510 + -505. Suppose -5*p = l*a - 1030, -2*p = -5*a - 431 - 16. What is the tens digit of p?
1
Let a(r) = -33*r - 14. Let y(g) = -5*g + 58. Let b be y(9). Suppose -b = 3*s - 2*w, -3*s - 6*w + 2*w = 19. What is the tens digit of a(s)?
5
Suppose 0 = -3*y + 4*y + 2*y. Suppose y = -23*a + 29*a - 3012. What is the units digit of a?
2
Let z(o) = -14*o + 5. Let j = 46 + -26. Suppose -4*b - 26 = 4*f + 18, 4*f = -j. What is the tens digit of z(b)?
8
Let h(t) = 79*t + 1668. What is the thousands digit of h(13)?
2
Let f(n) = 45*n**2 + 9*n + 36. Let z(x) = -1. Let o(j) = f(j) - 6*z(j). What is the units digit of o(-4)?
6
Suppose -3*r - 5*i + 82205 = 0, -103*r + 99*r + 109620 = 5*i. What is the hundreds digit of r?
4
Suppose 2*m + 5*i - 13764 = 0, 38*m - 36*m - 5*i = 13764. What is the thousands digit of m?
6
Let s(c) = -c**3 + 10*c**2 - 4*c - 12. Let a be s(9). Let p(u) = -u**2 + 45*u - 118. What is the tens digit of p(a)?
7
Let w be (-26 - -18)/(2*2/4). Let m be 12/9*(-36)/w. Suppose -m*d + 246 = -108. What is the units digit of d?
9
Suppose 5*i = -5*q - 5, -2*i = 7*q - 3*q - 2. Let x be 1 - (-26 + q) - 3. What is the tens digit of 28*(x/(-4))/(-2 + 1)?
5
Let d(v) be the third derivative of 1/12*v**4 + 3*v**2 + 1/6*v**3 + 0*v - 1/15*v**5 + 0 + 9/20*v**6. What is the tens digit of d(1)?
5
Suppose 3*s = 5*m - 280, -3*s + 3*m = 173 + 97. Let k(g) = 150*g**2 + 23*g - 22. Let c be k(1). Let b = c + s. What is the units digit of b?
6
Let l(t) = t**3 + 10*t**2 - 3*t - 29. Let u be l(-10). Suppose -23 - u = -4*r. What is the hundreds digit of (3/r)/(-3 + 2721/906)?
1
Suppose 0 = r + 2*r - 9. Let b be 288/108*438/(-4). What is the units digit of r/(-3 - 888/b)?
3
Let t = -198 - -420. Let f = 6 + t. What is the units digit of f?
8
Let n = -40 - -47. Suppose 8*d + 17 = -n. What is the tens digit of (-3)/2*(88/d + 4)?
3
Suppose -31*r = -133 - 53. What is the units digit of (-2)/r*(21/(-3) - 1979)?
2
Suppose -15*r = u - 12*r - 17, 4*u - 23 = 3*r. Suppose -2*l = -u, -2*m + 498 = -2*l - 906. What is the hundreds digit of m?
7
Let n(d) = -2*d**3 - 3*d**2 - 7*d + 6. Let k be n(-4). Suppose -14313 = -9*b + k. What is the units digit of b?
3
Let b be (2 + 1)/((-3)/(-33)*3). What is the tens digit of (-1 - (-1)/(-1)) + 407/b?
3
Suppose -q + 38 + 49 = 0. Suppose 0 = 6*z - q - 309. Suppose -5*y = -z - 74. What is the units digit of y?
8
Suppose 0 = 3*z + 8 - 11. Let b be 1 + 12/2